).
4
Let t(p) = p**3 - 11*p**2 + p - 6. Calculate t(11).
5
Let d(o) = -o**2 + 6*o - 2. Determine d(8).
-18
Let y(w) = -w**3 - 11*w**2 - 14*w - 12. Give y(-10).
28
Let d(z) = -z**3 - 6*z**2 + 2*z + 3. What is d(-5)?
-32
Let j(z) = 2*z**3 - 3*z**2 + z + 4. What is j(2)?
10
Let q(a) = -4*a + 31. Calculate q(7).
3
Let g(q) = -q**2 - q - 23. Calculate g(0).
-23
Let r(q) = q**2 - 2*q + 7. Calculate r(5).
22
Let o(g) = g**2 - 13*g + 27. Give o(9).
-9
Let o(z) = 11*z**2 - 2*z - 1. Determine o(-1).
12
Let s(n) = n + 23. Determine s(-3).
20
Let f(u) = 2*u**3 - 12*u**2 - 20. What is f(6)?
-20
Let f(b) = -2*b - 25. Give f(-11).
-3
Let d(a) = -4*a - 9. What is d(-5)?
11
Let y(l) = l**3 - 2*l**2 + 2*l - 5. Give y(4).
35
Let w(f) = -f**3 + 13*f**2 - 12*f - 2. Give w(12).
-2
Let y(k) = -k - 25. Calculate y(-27).
2
Let k(z) = 2*z**3 + 6*z**2 + 5*z - 1. Calculate k(-4).
-53
Let w(h) = -h**3 - 7*h**2 + 9*h + 7. Calculate w(-8).
-1
Let n(o) = -2*o**3 + 33*o**2 - 17*o + 18. Give n(16).
2
Let b(o) = o**3 + 12*o**2 - 85*o - 6. Determine b(-17).
-6
Let x(w) = -50*w + 300. Give x(6).
0
Let o(u) = -u**3 - 17*u**2 - 15*u + 6. Give o(-16).
-10
Let m(a) = -a**3 + 8*a**2 - 4*a - 9. Give m(7).
12
Let l(g) = -g**3 + 43*g**2 - 114*g - 244. Give l(40).
-4
Let m(c) = -c**3 - 5*c**2 + 3*c + 8. Calculate m(-5).
-7
Let f(h) = -h**2 - 12*h - 9. What is f(-11)?
2
Let l(y) = 4*y - 4. What is l(-4)?
-20
Let m(k) = 2*k**2 + 50*k + 13. Calculate m(-25).
13
Let l(z) = -2*z**3 - 4*z**2 - 2*z - 1. Calculate l(4).
-201
Let x(q) = 9*q**3 - q + 2. Calculate x(-2).
-68
Let u(d) = d**2 + 16*d + 50. What is u(-7)?
-13
Let f(u) = u**2 - 7*u - 23. Give f(8).
-15
Let h(g) = -g**3 - g + 2. What is h(0)?
2
Let q(a) = -3*a**2 + 8*a + 12. Determine q(3).
9
Let o(w) = -43*w - 473. Calculate o(-11).
0
Let j(y) = -y**2 - 9*y + 1. What is j(-11)?
-21
Let w(k) = -k**3 + k**2 + 28. Calculate w(0).
28
Let s(v) = 7*v - 6. Calculate s(-1).
-13
Let l(n) = -n**2 + 6*n - 9. Give l(4).
-1
Let v(j) = -j**3 + 20*j**2 + 21*j + 7. Determine v(21).
7
Let z(r) = -4*r + 4. Give z(15).
-56
Let c(a) = -3*a**3 + 43*a**2 + 33*a - 21. Give c(15).
24
Let a(z) = z**3 - 2*z**2 - 2*z - 2. Give a(4).
22
Let z(m) = -2*m**2 + 5*m + 20. Give z(6).
-22
Let b(f) = -3*f**2 - 18*f - 13. Give b(-5).
2
Let u(m) = -6*m**3 + m. Calculate u(2).
-46
Let u(n) = 5*n + 62. What is u(-9)?
17
Let t(r) = -r**2 + 7*r - 10. Give t(6).
-4
Let b(i) = -i - 14. Give b(-12).
-2
Let k(f) = f - 15. What is k(7)?
-8
Let m(f) = 4*f - 73. Give m(17).
-5
Let o(v) = 4*v - 9. Calculate o(-3).
-21
Let p(f) = -51*f + 451. What is p(9)?
-8
Let o(u) = u**3 - 7*u**2 + 6*u + 7. Determine o(5).
-13
Let y(q) = q + 37. What is y(-40)?
-3
Let d(o) = -o**3 + 9*o**2 + 138*o - 20. Give d(17).
14
Let n(u) = -u**2 + 25*u - 87. Give n(4).
-3
Let q(n) = -n**3 + 16*n**2 + 3*n - 42. What is q(16)?
6
Let h(y) = y**3 + 5*y**2 - 14*y + 7. What is h(-7)?
7
Let d(q) = 3*q**2 - 7*q - 8. Determine d(-3).
40
Let d(p) = p + 18. Give d(-5).
13
Let u(g) = 3*g**2 + 3*g - 9. Determine u(2).
9
Let m(s) = 28*s**2 + 757*s + 35. Give m(-27).
8
Let y(q) = 3*q**2 - 3*q - 4. What is y(3)?
14
Let c(t) = 2*t - 51. Calculate c(24).
-3
Let d(t) = -3*t**2 + 1. Calculate d(-2).
-11
Let f(o) = o**3 + 11*o**2 - o + 11. What is f(-11)?
22
Let a(j) = j**3 - 8*j**2 + 2*j - 3. Determine a(8).
13
Let q(r) = -40*r + 474. Determine q(12).
-6
Let o(d) = 10*d**3 + 4*d**2 + 6*d + 2. Determine o(-2).
-74
Let m(x) = -x**2 + 25*x + 24. What is m(25)?
24
Let g(y) = -y**3 - 3*y**2 - 2*y - 3. What is g(-4)?
21
Let x(o) = o**2 + 27*o + 44. Determine x(-26).
18
Let a(n) = -7*n**3 - 2*n**2 + 1. What is a(1)?
-8
Let a(p) = p**2 - 22*p + 128. Calculate a(12).
8
Let x(j) = j**3 - 15*j**2 + 35*j + 7. Determine x(12).
-5
Let u(o) = -o**3 - 10*o**2 - 7*o - 66. Calculate u(-10).
4
Let a(j) = j**2 + 14*j - 18. Determine a(-14).
-18
Let o(m) = m**3 - 6*m**2 + 5*m. Determine o(5).
0
Let q(g) = -g**2 + g + 10. What is q(6)?
-20
Let o(m) = -m**2 - 14*m - 5. Give o(-9).
40
Let l(i) = -i**3 - 16*i**2 + 34*i - 29. Calculate l(-18).
7
Let t(s) = s**3 + s**2 + s - 3. Give t(-2).
-9
Let t(j) = 3*j**2 + 7*j - 2. What is t(2)?
24
Let z(p) = -3*p. Give z(0).
0
Let m(y) = -403*y + 1205. Calculate m(3).
-4
Let r(c) = 24*c**2 - 4*c - 2. Give r(-2).
102
Let z(w) = 4*w**2 + 5*w. Determine z(-3).
21
Let c(j) = j**2 + 5*j - 17. Determine c(-6).
-11
Let v(c) = -c**2 - 18*c - 22. What is v(-17)?
-5
Let w(m) = -2*m**3 - 7*m**2 + 19*m + 57. Calculate w(-4).
-3
Let j(i) = -i - 15. Determine j(6).
-21
Let s(n) = n**3 - 11*n**2 - 4*n + 5. What is s(10)?
-135
Let l(t) = -2*t + 12. What is l(10)?
-8
Let r(q) = -37*q**3 - q**2 + 1. Calculate r(-1).
37
Let j(g) = 2*g**2 + 19*g - 26. Calculate j(-10).
-16
Let l(a) = -a**2 - 8*a - 24. Calculate l(-10).
-44
Let o(a) = a**3 + 10*a**2 + 10*a + 2. What is o(-9)?
-7
Let f(c) = c**3 - 3*c**2 - 10*c + 8. Give f(4).
-16
Let o(k) = -k**2 - 46*k - 128. Calculate o(-43).
1
Let p(n) = 5*n**2 + 2*n + 3. Calculate p(-1).
6
Let d(o) = o**2 - 14*o + 2. Give d(7).
-47
Let j(l) = -10*l**3 - 2*l**2 - l. Calculate j(-1).
9
Let q(r) = -r**2 - 8*r + 21. Give q(2).
1
Let v(j) = -2*j**2 + 36*j - 151. What is v(8)?
9
Let n(f) = 3*f**3 - 2*f + 2. Give n(2).
22
Let o(s) = s**3 + 12*s**2 - 50*s - 3. What is o(-15)?
72
Let q(f) = f**2 + 8*f + 4. Determine q(-10).
24
Let z(m) = m**3 + 7*m**2 - 3. Calculate z(-7).
-3
Let h(k) = -6*k**2 - 40*k - 8. Give h(-5).
42
Let a(u) = u. Determine a(2).
2
Let f(l) = -2*l**2 - 17*l + 4. Calculate f(-8).
12
Let c(l) = -66*l - 190. Calculate c(-3).
8
Let k(x) = 3*x**3 - 5*x**2 - 5*x + 5. Determine k(4).
97
Let r(x) = 2*x**2 + 10*x - 14. Determine r(-6).
-2
Let a(d) = -d - 24. Calculate a(8).
-32
Let p(j) = -j**2 + 9*j - 11. Give p(8).
-3
Let w(f) = -3*f - 59. What is w(-20)?
1
Let x(f) = -7*f**3 + 4*f**2 - 3*f. Calculate x(2).
-46
Let d(x) = x + 12. Calculate d(-8).
4
Let r(k) = -k**3 - 12*k**2 - 13*k - 28. Give r(-11).
-6
Let a(h) = -h**3 + 6*h**2 - 2*h. Give a(6).
-12
Let p(a) = -a**2 + 20*a + 29. Calculate p(21).
8
Let x(v) = -v**2 - 18*v - 27. What is x(-16)?
5
Let m(z) = z**3 + 6*z**2 + 6*z + 6. Determine m(-5).
1
Let a(s) = s**3 - 2*s**2 - 10*s + 18. Give a(4).
10
Let h(m) = m**2 + m - 67. What is h(8)?
5
Let n(b) = -b**3 + 8*b**2 - 6*b. What is n(7)?
7
Let p(q) = 2*q**2 - 7*q - 11. Calculate p(6).
19
Let k(i) = i**2 - 36*i + 175. Calculate k(6).
-5
Let q(n) = n**2 - 2*n - 1. Determine q(2).
-1
Let b(l) = -2*l + 59. Give b(17).
25
Let z(x) = -32*x**3 - x**2 + x + 1. Give z(-1).
31
Let d(m) = -m**2 + 32*m - 175. Give d(7).
0
Let u(y) = y**3 - 5*y**2 + 2*y - 1. Determine u(4).
-9
Let v(f) = f**3 + 4*f**2 + 3*f + 47. Determine v(-5).
7
Let d(x) = x**3 - 4*x**2 - 5*x + 9. What is d(4)?
-11
Let c(i) = i**3 + 24*i**2 - 8. Give c(-24).
-8
Let z(s) = -s**2 - 2*s + 2. What is z(-4)?
-6
Let k(w) = -w - 6. What is k(-5)?
-1
Let t(m) = -2*m**2 + 42*m + 38. What is t(22)?
-6
Let s(x) = 7*x + 22. Calculate s(-5).
-13
Let r(n) = 23*n**2 - 4*n + 4. Determine r(1).
23
Let l(o) = o**3 + 23*o**2 + 42*o + 10. Calculate l(-21).
10
Let y(i) = 12*i + 6. Give y(5).
66
Let u(b) = -16*b - 1. Determine u(-2).
31
Let s(y) = 2*y**3 + 20*y**2 - y - 24. Calculate s(-10).
-14
Let l(b) = -17*b - 178. Give l(-11).
9
Let g(s) = -s**2 - 12*s + 15. Calculate g(-12).
15
Let k(b) = 4*b + 57. Determine k(-30).
-63
Let x(f) = f**2 - 6*f + 10. What is x(5)?
5
Let s(m) = -m**2 - 7*m + 20. Determine s(-9).
2
Let t(w) = w**3 - 9*w**2 + 3*w + 43. Calculate t(7).
-34
Let y(i) = i**3 + 20*i**2 + 3*i + 42. Determine y(-20).
-18
Let r(a) = -2*a**2 + a - 6. Calculate r(3).
-21
Let l(s) = s**3 + 3*s**2 + s + 2. Give l(-3).
-1
Let i(j) = 3*j**3 + 2*j**2 + j - 1. Give i(-1).
-3
Let l(i) = -3*i**3 + 5*i**2 - 4*i - 1. Give l(2).
-13
Let f(y) = -y**3 + 7*y**2 - 2*y + 5. What is f(5)?
45
Let b(d) = -36*d**3 + d - 1. Calculate b(1).
-36
Let g(i) = -i**2 + 30*i - 199. Calculate g(10).
1
Let r(v) = -v + 18. Calculate r(13).
5
Let m(c) = c**3 - 7*c**2 + 7*c - 6. Determine m(5).
-21
Let t(z) = -3*z - 23. Determine t(0).
-23
Let m(x) = -3*x - 16. Calculate m(-12).
20
Let x(p) = p**3 - p**2 - p + 35. Calculate x(0).
35
Let s(c) = -6*c + 95. Give s(21).
-31
Let w(u) = -4*u - 35. What is w(-8)?
-3
Let l(o) = 22*o + 18. Give l(-5).
-92
Let v(o) = o**2 + 31*o + 201. Give 